
6
Let p(s) = -148*s + 134. Give p(1).
-14
Let k(a) = -a**2 + 8*a - 1. Give k(8).
-1
Let r(f) = f**3 + 6*f**2 - 8*f - 10. Calculate r(-7).
-3
Let j(r) = 6*r**2 + 2*r - 1. What is j(1)?
7
Let p(k) = 2*k - 13. What is p(12)?
11
Let y(b) = b**3 - 2*b**2 + 3*b - 7. Determine y(3).
11
Let q(a) = -a**3 + 45*a**2 + 32*a + 642. Determine q(46).
-2
Let y(h) = -3*h - 39. Determine y(-12).
-3
Let f(t) = -t**2 + 27*t + 161. Determine f(32).
1
Let l(z) = 7*z - 17. Calculate l(7).
32
Let u(o) = -o**2 - 21*o - 91. Give u(-9).
17
Let z(f) = 11*f - 2. What is z(2)?
20
Let m(b) = -b**2 - 21*b + 57. Calculate m(-24).
-15
Let q(z) = -9*z - 291. Give q(-34).
15
Let p(o) = 2*o**3 - 8*o**2 + 3*o + 1. Determine p(4).
13
Let m(l) = l**3 + 3*l**2 - 11*l + 5. Determine m(2).
3
Let h(s) = -s**3 - 12*s**2 - 10*s + 2. Give h(-11).
-9
Let u(m) = m**3 + 7*m**2 - 7*m + 7. Calculate u(-8).
-1
Let w(r) = -2*r**3 + 15*r**2 + 9*r - 13. Give w(8).
-5
Let y(h) = -h**3 + 23*h**2 - 22*h - 13. Determine y(22).
-13
Let w(b) = 6*b - 3. Give w(-7).
-45
Let g(z) = 22*z**3 - z**2 + 2*z + 1. Determine g(1).
24
Let d(w) = -w**3 + 6*w**2 + 12*w + 18. Give d(8).
-14
Let t(f) = -7*f - 1. Determine t(-2).
13
Let q(r) = -29*r - 5. Calculate q(1).
-34
Let d(i) = -6*i**2 - 4*i - 1. Calculate d(-3).
-43
Let a(d) = d**3 - 17*d**2 - 16*d - 44. Give a(18).
-8
Let b(m) = m**3 - 6. Calculate b(0).
-6
Let u(k) = 41*k + 38. Calculate u(3).
161
Let c(w) = -w**2 - 2*w + 54. Calculate c(7).
-9
Let o(x) = -16*x + 886. Determine o(55).
6
Let j(s) = 2*s**2 + 6*s - 17. Give j(-8).
63
Let u(h) = -h**2 - 4*h. Calculate u(-4).
0
Let u(r) = -6*r**3 - r - 1. What is u(-1)?
6
Let i(t) = -16*t**3 + t + 1. Calculate i(-1).
16
Let q(b) = b**3 + 22*b**2 - 2*b - 14. Give q(-22).
30
Let g(o) = -2*o**2 - 6*o - 6. Calculate g(-5).
-26
Let n(i) = -i**3 - 8*i**2 + 14*i + 10. What is n(-9)?
-35
Let r(w) = -11*w - 5. Calculate r(-5).
50
Let i(a) = -6*a + 2. Determine i(2).
-10
Let w(v) = v**2 + 21*v + 16. Give w(-20).
-4
Let z(c) = c**3 + 17*c**2 + 19*c - 157. Determine z(-15).
8
Let y(k) = -k**3 + 2*k**2 + 13*k - 29. What is y(3)?
1
Let q(i) = -19*i + 1. Determine q(1).
-18
Let u(g) = g**2 + 12*g - 14. Give u(-13).
-1
Let g(y) = -5*y**2 - 54*y + 74. Calculate g(-12).
2
Let h(j) = j**3 - 3*j**2 - j - 10. What is h(5)?
35
Let c(n) = -n**3 + 17*n**2 + 40*n - 12. Calculate c(19).
26
Let b(n) = -n**2 + 11*n - 24. Calculate b(8).
0
Let y(a) = a**2 + 7*a - 426. Determine y(-24).
-18
Let a(b) = -2*b**3 - 3*b**2 + 5*b + 3. What is a(-3)?
15
Let r(l) = -2*l**2 + 4*l - 3. Determine r(2).
-3
Let o(l) = l**2 - 23*l + 49. Give o(13).
-81
Let b(s) = s - 48. What is b(28)?
-20
Let l(t) = -t**3 + 6*t**2 - 6*t - 21. Determine l(3).
-12
Let z(w) = w**3 + 8*w**2 - 19*w + 14. What is z(-10)?
4
Let z(c) = -c**2 - 37*c - 151. Give z(-33).
-19
Let w(u) = -u + 9. Give w(13).
-4
Let w(a) = 25*a - 79. Calculate w(5).
46
Let x(t) = -2*t**2 - 41*t - 200. What is x(-7)?
-11
Let o(a) = -11*a**3 + a**2 - 2*a + 3. What is o(2)?
-85
Let l(z) = z**2 - 29*z + 76. Calculate l(26).
-2
Let k(a) = -2*a**3 - 21*a**2 - 11*a - 7. Calculate k(-10).
3
Let j(c) = 2*c - 47. Calculate j(25).
3
Let i(j) = 55*j + 96. Determine i(-2).
-14
Let s(d) = 5*d - 9. Determine s(3).
6
Let f(p) = 8*p - 26. Give f(4).
6
Let u(r) = -r**3 + 12*r**2 + 12*r - 8. What is u(13)?
-21
Let u(i) = -2*i + 19. What is u(15)?
-11
Let n(u) = -4*u - 102. What is n(-26)?
2
Let a(o) = o**3 + 6*o**2 + 2*o - 4. Determine a(-6).
-16
Let y(b) = -b**3 - 9*b**2 + 26*b + 14. Determine y(-11).
-30
Let a(r) = r**3 - 2*r**2 + 3*r. Calculate a(2).
6
Let j(c) = c**2 + 96*c + 865. Determine j(-10).
5
Let n(p) = -p**3 + 2*p**2 + 3*p - 3. Give n(-2).
7
Let h(k) = k**3 + 10*k**2 - 10*k + 12. Determine h(-11).
1
Let p(d) = 3*d + 1. Determine p(12).
37
Let g(x) = x + 9. Determine g(15).
24
Let w(z) = -z**2 + 24*z - 17. Give w(23).
6
Let p(s) = 3*s**2 + s + 2. Determine p(0).
2
Let n(l) = -9*l**2 - l + 10. Determine n(-3).
-68
Let a(c) = -3*c**3 + 2*c**2 - 2*c + 1. Calculate a(1).
-2
Let m(r) = -2*r**3 + 4*r**2 + 7*r - 20. Calculate m(2).
-6
Let y(w) = w**3 + 24*w**2 + 24*w + 17. What is y(-23)?
-6
Let m(n) = n**3 + 8*n**2 + 16*n + 27. Give m(-6).
3
Let m(i) = 3*i - 62. Give m(17).
-11
Let t(r) = -2*r + 30. Calculate t(15).
0
Let b(j) = j**3 + 9*j**2 - j - 6. Calculate b(-9).
3
Let a(t) = t**2 - 8*t - 11. Calculate a(9).
-2
Let a(p) = p**3 - 5*p**2 + 7*p - 4. Give a(2).
-2
Let d(k) = 14*k**2 - k + 1. What is d(1)?
14
Let d(w) = -6*w + 20. What is d(8)?
-28
Let b(i) = i**3 - 22*i**2 + 41*i - 7. What is b(20)?
13
Let g(k) = -k**3 + 36*k**2 + 41*k - 130. What is g(37)?
18
Let p(r) = r**3 - 2*r**2 - 6*r - 3. What is p(4)?
5
Let s(w) = w**3 + 3*w**2 - 4*w + 1. Give s(-4).
1
Let z(f) = 2*f + 27. What is z(-14)?
-1
Let x(b) = 4*b**2 + 35*b - 28. Determine x(-11).
71
Let i(k) = -3*k + 3. What is i(3)?
-6
Let f(b) = -39*b + 7. Determine f(1).
-32
Let r(d) = -8*d - 5. Determine r(-7).
51
Let c(u) = -u**3 + 3*u**2 + 4*u + 5. What is c(4)?
5
Let h(f) = f**2 - 7*f - 25. Determine h(-2).
-7
Let q(g) = -26*g - 9. Calculate q(1).
-35
Let o(g) = g**2 - 38*g + 165. Give o(5).
0
Let x(g) = -g**2 - 20*g - 82. What is x(-10)?
18
Let d(u) = -4*u - 9. Calculate d(-7).
19
Let l(a) = -a**2 + 6*a + 15. What is l(7)?
8
Let l(c) = -c**3 + 7*c**2 - 2*c + 10. Determine l(7).
-4
Let u(y) = y**3 + 10*y**2 + 12*y + 20. Give u(-9).
-7
Let v(g) = -g**2 + 16*g - 9. Determine v(14).
19
Let q(z) = z**3 + 21*z**2 + 17*z - 45. What is q(-20)?
15
Let j(h) = 34*h - 1. Calculate j(-1).
-35
Let o(s) = s**3 - 7*s**2 - s. Determine o(7).
-7
Let k(t) = -t**2 - 13*t + 28. Give k(-15).
-2
Let s(m) = -m**3 - 23*m**2 + 26*m + 46. Determine s(-24).
-2
Let c(j) = -j**3 - 3*j**2 - j - 2. Calculate c(-3).
1
Let x(q) = 8*q + 51. Give x(-8).
-13
Let a(x) = -x**2 - 23*x + 238. What is a(7)?
28
Let v(m) = -4*m - 90. What is v(-25)?
10
Let u(m) = -3*m**2 + 18*m + 53. What is u(8)?
5
Let s(i) = 8*i**3 + 58*i**2 + 14*i - 5. What is s(-7)?
-5
Let a(i) = -22*i + 99. Give a(4).
11
Let b(o) = -o**2 - o + 8. Give b(4).
-12
Let r(c) = -13*c**2 - 21*c - 5. What is r(-2)?
-15
Let g(c) = c**2 + 11*c + 3. Calculate g(-12).
15
Let c(h) = -35*h - 1. Calculate c(-1).
34
Let a(p) = p**2 + 38*p - 86. Determine a(-38).
-86
Let q(w) = -2*w - 26. Give q(-14).
2
Let x(h) = -h**2 - 2*h + 9. Give x(4).
-15
Let o(y) = y**2 - 11*y + 35. Determine o(7).
7
Let m(q) = -2*q**2 + 15*q + 9. What is m(8)?
1
Let l(d) = -8*d + 6. What is l(5)?
-34
Let p(v) = -8*v - 72. Determine p(-9).
0
Let q(l) = -56*l - 102. Calculate q(-2).
10
Let h(c) = 4*c**2 - 7*c - 13. Calculate h(-2).
17
Let k(q) = q**3 + 8*q**2 + 15*q + 4. What is k(-5)?
4
Let d(w) = -w**2 - 3*w + 6. Determine d(3).
-12
Let h(t) = t**3 + 2*t**2 - 2*t - 2. Calculate h(-4).
-26
Let q(f) = -f**3 - 6*f**2 - 2*f + 2. Calculate q(-5).
-13
Let o(b) = 2*b**3 - b**2 + b. What is o(1)?
2
Let j(m) = m**2 + m + 3. Calculate j(-2).
5
Let k(n) = n**3 - 8*n**2 - 28*n - 5. Give k(11).
50
Let s(k) = 13*k + 149. Determine s(-11).
6
Let j(k) = 5*k + 74. Give j(-24).
-46
Let m(y) = -y**2 + 11*y + 1. Determine m(12).
-11
Let m(o) = 8*o - 53. Determine m(5).
-13
Let n(i) = i**3 - 16*i**2 + 55*i. Give n(5).
0
Let t(r) = r**3 + 10*r**2 + r + 2. What is t(-10)?
-8
Let p(b) = -7*b - 49. What is p(-5)?
-14
Let c(b) = -b**2 - 11*b + 31. Determine c(-14).
-11
Let d(c) = 2*c**2 - 14*c + 20. Calculate d(4).
-4
Let z(i) = -i**3 + 2*i**2 + 5*i - 10. Calculate z(4).
-22
Let f(l) = -5*l**2 + 11*l + 8. What is f(5)?
-62
Let v(k) = k**2 - 2*k - 4. Calculate v(-3).
11
Let l(i) = -i**2 - 3*i - 2. What is l(3)?
-20
Let q(c) = -2*c**2 - 26*c - 63. Calculate q(-3).
-3
Let a(u) = 12*u + 16. Calculate a(-13).
-140
Let z(k) = -9*k + 41. Determine z(8).
-31
Let c(f) = f**3 + 6*f**2 + 2*f + 8. Give c(-6).
-4
Let h(b) = b**2 - 12*b + 9. What is h(11)?
-2
Let b(j) = j - 12. What is b(6)?
-6
Let o(m) = -20*m + 413. Give o(21).
-7
Let m(w) = w**3 + 9*w**2 - w + 20. What is m(-9)?
29
Let o(x) = x - 11. Calculate o(10).
-1
Let s(y) = y**2 - 7*y - 4. What is s(7)?
-4
Let a(l) = -4*l - 7. Give a(-5).
13
Let k(b) = -9*b**2 - 5*b + 3. Give k(-2).
-23
Let s(k) = k**3 + 38*k**2 - 3*k - 104. Determine s(-38).
10
Let i(b) = -b**2 - 3*b - 4. Determine i(3).
-22
Let k(c) = -c**3 - 2*c**2 - c + 4. Calculate k(-2).
6